 divided by 515301?
350
What is the remainder when 551939999 is divided by 4954?
4951
What is the remainder when 3897472 is divided by 56485?
7
Calculate the remainder when 30374 is divided by 10089.
107
Calculate the remainder when 883756 is divided by 220934.
20
Calculate the remainder when 4002562 is divided by 1497.
1081
What is the remainder when 76302 is divided by 30?
12
Calculate the remainder when 186207 is divided by 3385.
32
Calculate the remainder when 31581 is divided by 6152.
821
Calculate the remainder when 74022198 is divided by 1154.
22
Calculate the remainder when 21576 is divided by 16694.
4882
What is the remainder when 47963266 is divided by 36?
34
What is the remainder when 359988 is divided by 1276?
156
What is the remainder when 4499492 is divided by 39469?
26
What is the remainder when 27622801 is divided by 3497?
3495
Calculate the remainder when 13732 is divided by 1517.
79
Calculate the remainder when 2205803 is divided by 735131.
410
Calculate the remainder when 3162072 is divided by 110.
12
What is the remainder when 217975 is divided by 247?
121
Calculate the remainder when 8111863 is divided by 75.
13
Calculate the remainder when 122330 is divided by 229.
44
What is the remainder when 622874276 is divided by 7252?
7248
Calculate the remainder when 562691 is divided by 562538.
153
Calculate the remainder when 2376331 is divided by 1722.
1693
Calculate the remainder when 595862 is divided by 528.
278
Calculate the remainder when 4259611 is divided by 1419853.
52
Calculate the remainder when 283048668 is divided by 94349553.
9
What is the remainder when 17929 is divided by 8177?
1575
What is the remainder when 450407 is divided by 302?
125
Calculate the remainder when 9104994 is divided by 227612.
514
Calculate the remainder when 190209 is divided by 31692.
57
Calculate the remainder when 4371203 is divided by 38010.
53
Calculate the remainder when 540723 is divided by 74.
5
Calculate the remainder when 5993541 is divided by 5993305.
236
Calculate the remainder when 2977092 is divided by 1743.
48
Calculate the remainder when 1286781 is divided by 372.
33
Calculate the remainder when 555354 is divided by 323.
117
What is the remainder when 3014903 is divided by 7145?
6858
Calculate the remainder when 883346 is divided by 90.
86
Calculate the remainder when 2767871 is divided by 2061.
2009
Calculate the remainder when 9878917 is divided by 873.
49
What is the remainder when 580956 is divided by 937?
16
Calculate the remainder when 80096405 is divided by 80.
5
What is the remainder when 331703 is divided by 158?
61
What is the remainder when 5101886 is divided by 7825?
7811
Calculate the remainder when 1357863 is divided by 594.
573
Calculate the remainder when 202245668 is divided by 253.
251
What is the remainder when 722811 is divided by 5863?
1662
Calculate the remainder when 22399969 is divided by 263.
259
Calculate the remainder when 93131788 is divided by 146.
140
What is the remainder when 2647052 is divided by 320?
12
What is the remainder when 5683218 is divided by 930?
918
What is the remainder when 68132023 is divided by 2388?
2383
What is the remainder when 328892 is divided by 1236?
116
What is the remainder when 76972 is divided by 18995?
992
What is the remainder when 54712953 is divided by 21256?
9
Calculate the remainder when 495435 is divided by 35349.
549
Calculate the remainder when 209688502 is divided by 29955498.
16
What is the remainder when 46220 is divided by 5581?
1572
Calculate the remainder when 274197 is divided by 27414.
57
Calculate the remainder when 25702495 is divided by 2855829.
34
Calculate the remainder when 36080133 is divided by 757.
756
What is the remainder when 627447 is divided by 569?
409
Calculate the remainder when 1822666 is divided by 364532.
6
Calculate the remainder when 52056 is divided by 262.
180
Calculate the remainder when 59070803 is divided by 11814157.
18
Calculate the remainder when 1720825 is divided by 2664.
2545
What is the remainder when 84259 is divided by 274?
141
What is the remainder when 32215519 is divided by 116?
115
What is the remainder when 819129 is divided by 1110?
1059
Calculate the remainder when 423022 is divided by 874.
6
What is the remainder when 34830 is divided by 11519?
273
Calculate the remainder when 2024 is divided by 1846.
178
What is the remainder when 332797 is divided by 483?
10
What is the remainder when 61128 is divided by 11?
1
Calculate the remainder when 900140 is divided by 224266.
3076
Calculate the remainder when 16920 is divided by 16886.
34
What is the remainder when 125472 is divided by 13059?
7941
Calculate the remainder when 7495392 is divided by 762.
360
Calculate the remainder when 2325870 is divided by 1664.
1262
Calculate the remainder when 6948855 is divided by 1536.
1527
What is the remainder when 6034999 is divided by 1524?
1483
What is the remainder when 951766 is divided by 158577?
304
What is the remainder when 103652 is divided by 3819?
539
Calculate the remainder when 752200 is divided by 46.
8
What is the remainder when 864853 is divided by 278?
273
Calculate the remainder when 7398098 is divided by 119324.
10
What is the remainder when 41666 is divided by 13856?
98
Calculate the remainder when 496782 is divided by 38.
8
What is the remainder when 6321 is divided by 390?
81
What is the remainder when 21096730 is divided by 89?
81
What is the remainder when 6997534 is divided by 32?
30
Calculate the remainder when 3086412 is divided by 3086368.
44
Calculate the remainder when 2844544 is divided by 2856.
2824
Calculate the remainder when 512003 is divided by 4571.
51
What is the remainder when 5683020 is divided by 388?
372
Calculate the remainder when 12821108 is divided by 666.
608
Calculate the remainder when 743443 is divided by 743307.
136
What is the remainder when 2936645 is divided by 978874?
23
What is the remainder when 594020 is divided by 654?
188
Calculate the remainder when 848969 is divided by 1639.
1606
What is the remainder when 2953414 is divided by 49?
37
What is the remainder when 23959947 is divided by 70?
67
Calculate the remainder when 63426 is divided by 63037.
389
Calculate the remainder when 3264178 is divided by 812.
750
Calculate the remainder when 1537920 is divided by 65.
20
What is the remainder when 521733 is divided by 1033?
68
Calculate the remainder when 611797 is divided by 101961.
31
What is the remainder when 913457 is divided by 456637?
183
Calculate the remainder when 277224 is divided by 1303.
988
Calculate the remainder when 1247294 is divided by 623599.
96
Calculate the remainder when 1510802438 is divided by 1010.
1008
What is the remainder when 4187358 is divided by 20?
18
Calculate the remainder when 176469 is divided by 58727.
288
What is the remainder when 5096 is divided by 1035?
956
Calculate the remainder when 16840 is divided by 3682.
2112
What is the remainder when 4889 is divided by 155?
84
What is the remainder when 18176 is divided by 107?
93
Calculate the remainder when 2020572 is divided by 38123.
53
Calculate the remainder when 34898270 is divided by 335.
315
Calculate the remainder when 196743 is divided by 56.
15
Calculate the remainder when 745612 is divided by 35424.
1708
What is the remainder when 14018 is divided by 6640?
738
What is the remainder when 2156966 is divided by 1397?
1395
Calculate the remainder when 75175 is divided by 479.
451
What is the remainder when 245500 is divided by 611?
489
Calculate the remainder when 643802 is divided by 372.
242
What is the remainder when 6887363 is divided by 150?
113
Calculate the remainder when 936890 is divided by 8536.
6466
What is the remainder when 692528 is divided by 21639?
80
Calculate the remainder when 18960914 is divided by 380.
54
What is the remainder when 37946099 is divided by 37946095?
4
What is the remainder when 1452931 is divided by 594?
7
Calculate the remainder when 1175750 is divided by 6757.
32
Calculate the remainder when 346032815 is divided by 1732.
1731
Calculate the remainder when 68211966 is divided by 20193.
12
Calculate the remainder when 226565 is divided by 607.
154
What is the remainder when 9570795 is divided by 97?
96
Calculate the remainder when 407236 